 What is h(0)?
-6
Let q be 7/((-35)/(-17)) - (-2)/(-5). Let n(u) = u**2 + 2*u - 4. What is n(q)?
11
Let z(u) = -u - 11. Let m be z(-6). Let l(k) = 3*k + 9. Give l(m).
-6
Let r(l) = l**2. Let i(m) = 2*m**2 - m. Let n(p) = p**3 + 10*p**2 + 8*p - 6. Let t be n(-9). Let w(j) = t*r(j) + i(j). Determine w(1).
4
Suppose 9 = 5*c - 16. Suppose -2*u + 2*j = -u + 6, 4*u - 41 = -c*j. Let o(i) be the third derivative of -i**6/120 + i**5/15 - i**4/12 + 2*i**2. Give o(u).
-8
Let a(m) = -m**2 + 7*m - 7. Suppose 5*d + 12 = 7*d. Give a(d).
-1
Suppose 2*a - 3 = 3. Let t(v) = a*v**2 - 2*v**2 - 8 - 5*v + v**2 - v**2. Give t(6).
-2
Let x(c) be the second derivative of 0 + 1/12*c**4 + 0*c**2 + 0*c**3 - c. Let b be x(0). Let p(l) = l - 3. Calculate p(b).
-3
Let m(y) = y**3 - y**2 - y + 1. Let t(i) = 7*i**3 - 7*i**2 - 6*i + 7. Let b be 4/(-10) - 16/10. Let u = 8 + b. Let s(p) = u*m(p) - t(p). What is s(0)?
-1
Let a(y) = 3*y**2 + 4*y - 10. Let v(u) = -4*u**2 - 5*u + 11. Let r(n) = 5*a(n) + 4*v(n). Suppose -5*m = -g + 25, 3*m + 16 - 1 = -4*g. Calculate r(g).
-6
Suppose -x = 2*a - 7, 0*x + 3*x = -5*a + 18. Suppose -5*s - 5 = 3*d, -a*s - 3 = -0*d + 2*d. Let w(r) = -r**3 + r**2 + r + 10. Give w(d).
10
Suppose 5*t - 4*t = -5*x + 5, 0 = t. Let h be (x + 9/(-6))*-4. Suppose 4*i + h + 14 = a, -5*i = 4*a + 41. Let f(q) = q**2 + 7*q + 6. Calculate f(a).
-6
Let s be (4/8)/1*(-4 + 0). Let a(l) = -l**2 - 3*l - 2 + 0*l**2 + 2*l - l**3. What is a(s)?
4
Suppose 2*z - 5 = -5*j, 0 = -2*z + z. Let b = -4 - -6. Let u(w) = 3*w**2 + 5*w**2 - b + 1 - 2*w**2 + w. Calculate u(j).
6
Let i be (-5)/(2 - (-1 + 2)). Let y(l) be the second derivative of -l**7/2520 - l**6/144 + l**4/3 + l. Let k(b) be the third derivative of y(b). Determine k(i).
0
Let w be (1/2 + 0)*-10. Let m(q) = -5*q - 4. Let x(d) = 6*d + 5. Let h(k) = w*m(k) - 4*x(k). Calculate h(-2).
-2
Let w(h) be the second derivative of 1/12*h**4 - 5/2*h**2 + 0 - 2*h + 1/6*h**3. What is w(0)?
-5
Suppose 22 = -4*o + 5*v, v - 2 = o + 3. Let i(l) be the third derivative of 5/24*l**4 + 0 + 3*l**2 + 1/12*l**5 + 1/3*l**3 + 0*l + 1/120*l**6. Give i(o).
5
Let y(v) be the first derivative of -v**2/2 - v + 1. Let p be (-4)/(-36*1) + 275/(-45). Calculate y(p).
5
Let f(x) = -6*x + 5. Let s(u) = -5*u + 4. Let r(i) = 4*f(i) - 5*s(i). Give r(-1).
-1
Suppose -5*m = -0*z + z - 4, 0 = 2*m + 4*z + 2. Let y(k) = 2*k - 1 - m + 0. Calculate y(-2).
-6
Let i(z) be the first derivative of -z**4/4 + 2*z**3 - 5*z**2/2 - 6*z + 5. Give i(5).
-6
Suppose -4*q = -7 + 27. Let y(x) be the second derivative of x**3 + 0 + 1/12*x**4 + 4*x + 5/2*x**2. What is y(q)?
0
Let o(d) be the first derivative of -d**3/3 - d**2 + d - 10. What is o(2)?
-7
Let j(p) = -97*p**2 - 3*p + 8 + 0*p + 96*p**2 - 3. Determine j(-6).
-13
Let v(r) = r**3 + 6*r**2 + 3*r - 3. Let k = 7 + -11. Let f be (-1*(1 - -2))/(-3). Let p = k - f. What is v(p)?
7
Let h(c) = 4*c**2 - 6*c + 1. Let j(d) = -11*d**2 + 17*d - 3. Let w(m) = -8*h(m) - 3*j(m). What is w(5)?
11
Let o(u) = -3*u**2 + 4*u - 4. Let a(v) = 5*v**2 - 7*v + 7. Let p(j) = -4*a(j) - 7*o(j). Let t = -39 - -39. Calculate p(t).
0
Let x(u) be the third derivative of -u**6/60 - u**5/60 - 5*u**3/6 - 7*u**2. Let s(y) = y**3 + y**2 + 3. Let r(q) = 9*s(q) + 4*x(q). Give r(-5).
7
Suppose -19 - 11 = 5*q. Suppose -4*s - 4*t - 8 = 0, 5*s = -t + 2 - 0. Let x(v) = 3*v - 2*v + 0 - 2*v - s. Calculate x(q).
5
Let f(a) = -a**2 + a + 2. Let r be f(-2). Let n(o) be the second derivative of -o**3/6 - o**2/2 + 20*o. Determine n(r).
3
Let y be 3/(-9) + (-28)/(-12). Suppose 5*f = y*c - 12, 5*f + 4 = c - 7. Let v(j) = 3*j - 1. Calculate v(c).
2
Let f(u) be the third derivative of -u**5/120 + u**3/3 + u**2. Let j(b) be the first derivative of f(b). What is j(4)?
-4
Let j(a) = -4 + 2 + 2*a**2 - a**2. Suppose 0 = 5*s + 2*g - 13, -5*s + 12 = 6*g - 3*g. Suppose s*u - 3 = -2*x + 3, -u = -3*x - 2. What is j(x)?
-2
Let h be (-3)/(-9)*1*12. Suppose -l = -h*l. Let o(j) = j - 2. Determine o(l).
-2
Let h(x) = 6*x. Suppose -5*l = 5*f + 30, -4*l + 0*f - 23 = 3*f. Let p = 24 + l. Suppose 4*a - 20 = -4*m, 0*m + 3*m - p = -4*a. Determine h(m).
6
Let b(n) = n**2 + 3*n - 2. Let d be b(2). Suppose d = -f + 5*f. Let a(y) = 6*y + 1 - y**2 + y**3 + 2*y**2 - 2*y**f - 5*y**2. Calculate a(5).
6
Let a(s) = 6*s - 3. Let k(j) = -11*j - 64. Let p be k(-6). Determine a(p).
9
Let l = -4 - -4. Let g(d) = d**3 - 6*d**2 - 5*d + 2. Let z(u) = u**2 + u - 1. Let p(m) = -g(m) - 6*z(m). Give p(l).
4
Let h(k) = -4*k + 8. Let o be h(3). Let f(x) = x**3 + 4*x**2 - 4*x - 5. What is f(o)?
11
Let c(x) = x - 2 - 10*x + 3 - 2. Determine c(-1).
8
Let t(i) = 3*i**2 - i. Let u be t(1). Let v(c) = -5*c**u + 4*c**2 - 3*c**2 - c. Determine v(-1).
-3
Let r(z) be the first derivative of -z**5/20 - z**4/3 + z**3/3 - z**2 + 3*z - 2. Let d(y) be the first derivative of r(y). What is d(-4)?
-10
Suppose -k - x = -1, -5*k - 3*x + 40 = -5*x. Suppose -a + k = 2. Let i(v) = -v**3 + 4*v**2 - 2*v + 1. Calculate i(a).
-7
Let f(k) = -2*k - 1 + 0*k + k. Let s be ((-12)/(-10))/(9/30). Let t = s - 3. Determine f(t).
-2
Let n(l) = -l**2 - 4*l - 5. Let p(f) = -6*f**2 - 19*f - 25. Let t(d) = 11*n(d) - 2*p(d). Let v(z) = z + 11. Let b be v(-6). Calculate t(b).
-10
Let r(b) = 3*b**3 + 35*b**2 + 14*b - 2. Let q(t) = t**3 + 12*t**2 + 5*t - 1. Let p(u) = -17*q(u) + 6*r(u). Give p(-6).
11
Let m(h) = 4*h**2 - 2*h + 2*h**3 - h**3 - 5*h**2. Let g(y) = 4*y - 2. Let a be g(1). Calculate m(a).
0
Suppose 2*u = -u + 33. Let r = u - 8. Let d(b) = 2*b**2 - 3*b - 4. Determine d(r).
5
Let s(u) be the second derivative of u**4/4 - u**3/2 + u**2 - 14*u. What is s(2)?
8
Let t(l) be the first derivative of l**6/360 + l**5/15 + l**4/8 - 2*l**3 - 1. Let d(m) be the third derivative of t(m). Calculate d(-5).
-12
Let s(i) = -62*i + 26*i - 1 + 35*i. Suppose -5*k + 21 = a, -2*a - 6 = k - 3*k. Suppose 0*r = -r + k. Determine s(r).
-5
Let c(q) = -4*q. Suppose -u + 7 = 2*x, 2*u - 17 = -4*x - u. Let w be ((-78)/(-65))/(x/5). Give c(w).
-12
Let h(z) = 2*z**2 + 12*z - 9. Let c be h(-7). Let o(m) = -m**2 + 5*m + 6. Determine o(c).
6
Let m(v) = v**2 + 4*v + 5. Suppose 5*f - 5*q + 1 = 26, -4*f = -3*q - 16. Suppose -5*x - 21 + f = 0. What is m(x)?
5
Let x = -6 + 4. Let g(j) be the first derivative of 1/2*j**4 + j**3 + 0*j + 0*j**2 + 3. Give g(x).
-4
Let a(q) = -q**3 + 6*q**2 - 4*q - 1. Let u(h) = -2*h**3 + 7*h**2 - 5*h. Let f(o) = -3*a(o) + 2*u(o). Let d = -3 + -1. What is f(d)?
-5
Let s(d) = -2*d**2 + d + 18 + d**2 - 16. Determine s(2).
0
Let w(p) = -p + 9. Let r(a) = a**2 - 5*a + 4. Let m be r(4). Suppose -z + 3 = x - m*x, -4*z - 2 = -3*x. Let l be z + 0 + (1 - 2). Give w(l).
9
Suppose 3*i - 2 = -20. Let o(v) = -4*v**3 - 3*v**3 + 6*v**3 + 5 + 8*v - 7*v**2 + 2*v**2. Determine o(i).
-7
Let t = 15 - 8. Let r(m) = 1 - 4*m**2 - 4*m + m + m**3 + t*m**2. Suppose 0 = -5*p + 10, 3*p = -4*c - p - 4. Give r(c).
10
Let l = 11 - 5. Let x(u) = -u**2 + 7*u - 6. What is x(l)?
0
Let o(h) = -10*h**3 + h**2. Suppose -4*y = -3*b - 0*y - 9, -4*b + 4*y - 8 = 0. Give o(b).
-9
Let t(b) = -b**3 - 11*b**2 + 2*b + 31. Let i be t(-11). Let m(c) = -c**3 + 10*c**2 - 9*c + 3. Calculate m(i).
3
Let k = 329/4 - 82. Let d(f) be the first derivative of -2 + 2*f**3 + k*f**4 + 7*f + f**2. Calculate d(-6).
-5
Let d(f) = 1. Let l(m) = -m - 2. Let j(q) = -3*d(q) + l(q). Let u be 21/(-6) + 2/4. Give j(u).
-2
Suppose -5*b - 10 = 2*o, -o + 15 = 4*b - 4*o. Let q(j) = 3*j**2 + b*j**2 + 0*j + j**3 + 2*j**2 - 5*j. What is q(-6)?
-6
Let k(s) = 3*s - 17. Let g be k(5). Let t(a) = -a**3 - 2*a**2 - 2*a + 2. Let u be t(g). Let b(c) = -c**2 + 6*c + 3. What is b(u)?
3
Let m(w) = 3*w**2 - 4*w + 3. Let o be m(2). Let h(v) = v - 12. Calculate h(o).
-5
Let s(z) = -z**3 + z**2 + z. Suppose c + 14 = -6*c. Give s(c).
10
Suppose 0*y - 3*y = 0. Let i(o) = y + 1 + o + o. Suppose 5*r = -2*v + r - 26, -3*r - 17 = v. Give i(v).
-9
Let g(j) = -j**3 - 5*j**2 + 5*j - 7. Let u be (-42)/8 - (-60)/(-80). Give g(u).
-1
Let n(b) = -3*b + b + 2 - 1. Let m be (-3)/6*-2 - (-3 + 3). What is n(m)?
-1
Let v(c) be the second derivative of 0 + 5*c + c**2 - 1/3*c**3. Let m = 0 - -3. Calculate v(m).
-4
Let z(a) = a + 5. Let i be z(-8). Let h(j) be the third derivative of j**5/60 + j**4/12 + j**3/3 - 2*j**2. Calculate h(i).
5
Let p(s) be the second derivative of s**3